lse
Does 46 divide 2583?
False
Is 32 a factor of 7520?
True
Is 7182 a multiple of 9?
True
Does 6 divide 40440?
True
Is 37858 a multiple of 23?
True
Is 56 a multiple of 7?
True
Does 31 divide 78934?
False
Is 925 a multiple of 25?
True
Does 55 divide 10890?
True
Is 44454 a multiple of 62?
True
Does 16 divide 272?
True
Is 59557 a multiple of 18?
False
Does 2 divide 4252?
True
Does 2 divide 3037?
False
Is 1166 a multiple of 2?
True
Is 32460 a multiple of 12?
True
Is 553 a multiple of 52?
False
Is 8566 a multiple of 49?
False
Is 55 even?
False
Is 56812 a multiple of 14?
True
Does 41 divide 1722?
True
Is 3250 a multiple of 125?
True
Does 10 divide 1994?
False
Is 22583 a multiple of 20?
False
Is 3095 a multiple of 14?
False
Is 48 a factor of 432?
True
Does 16 divide 1820?
False
Is 14 a factor of 1988?
True
Is 4081 a multiple of 15?
False
Does 4 divide 4?
True
Is 1290 a multiple of 3?
True
Does 83 divide 28137?
True
Is 260 a factor of 9394?
False
Is 141 a factor of 3460?
False
Does 18 divide 45486?
True
Is 21 a factor of 921?
False
Is 20 a factor of 41432?
False
Is 125 a factor of 3750?
True
Is 19 a factor of 532?
True
Does 6 divide 6?
True
Is 390 a multiple of 78?
True
Does 16 divide 1008?
True
Is 35 a factor of 7035?
True
Does 12 divide 1008?
True
Does 31 divide 31?
True
Does 66 divide 264?
True
Does 4 divide 792?
True
Is 16 a factor of 675?
False
Does 9 divide 7452?
True
Does 81 divide 5427?
True
Is 344 a multiple of 15?
False
Does 16 divide 3153?
False
Does 21 divide 9618?
True
Is 28576 a multiple of 14?
False
Is 3286 a multiple of 31?
True
Is 25 a factor of 1234?
False
Is 8 a factor of 3841?
False
Is 9054 a multiple of 7?
False
Is 14 a factor of 243?
False
Is 81 a factor of 353?
False
Is 3 a factor of 213?
True
Is 84 a factor of 20664?
True
Does 3 divide 2394?
True
Is 66 a factor of 34056?
True
Does 20 divide 15160?
True
Is 4309 a multiple of 81?
False
Is 93 a factor of 1116?
True
Is 5723 a multiple of 93?
False
Is 2394 a multiple of 46?
False
Does 24 divide 6144?
True
Is 561 a multiple of 31?
False
Is 39 a factor of 663?
True
Is 9 a factor of 4860?
True
Is 728 a multiple of 52?
True
Is 146 a factor of 25932?
False
Is 1540 a multiple of 35?
True
Is 1193 a multiple of 19?
False
Does 29 divide 413?
False
Does 5 divide 2190?
True
Is 19 a factor of 171?
True
Is 265 a factor of 42525?
False
Is 53 a factor of 1219?
True
Does 28 divide 364?
True
Does 55 divide 2145?
True
Is 29 a factor of 122?
False
Does 20 divide 2018?
False
Is 1400 even?
True
Is 4 a factor of 4039?
False
Does 34 divide 5372?
True
Is 10 a factor of 32920?
True
Is 2263 a multiple of 73?
True
Is 30 a factor of 158?
False
Is 15 a factor of 3339?
False
Does 101 divide 6363?
True
Does 157 divide 785?
True
Is 60 a factor of 5964?
False
Does 20 divide 2179?
False
Is 48 a factor of 19086?
False
Is 8 a factor of 538?
False
Is 17809 a multiple of 51?
False
Is 227 even?
False
Is 2505 a multiple of 15?
True
Does 9 divide 991?
False
Does 28 divide 3892?
True
Does 2 divide 192?
True
Is 73 a factor of 511?
True
Is 1005 a multiple of 5?
True
Is 1344 a multiple of 6?
True
Does 3 divide 6827?
False
Is 22393 a multiple of 74?
False
Is 12 a factor of 4071?
False
Is 13 a factor of 60853?
True
Does 3 divide 20?
False
Is 38 a factor of 27284?
True
Does 16 divide 99?
False
Is 339 a multiple of 19?
False
Does 16 divide 12607?
False
Is 3672 a multiple of 204?
True
Is 49 a factor of 150?
False
Is 4385 a multiple of 14?
False
Is 8 a factor of 15881?
False
Does 18 divide 8352?
True
Is 56 a factor of 280?
True
Is 3828 a multiple of 87?
True
Does 42 divide 781?
False
Does 39 divide 6708?
True
Does 54 divide 702?
True
Does 57 divide 4125?
False
Is 5862 a multiple of 40?
False
Does 2 divide 2628?
True
Is 16 a factor of 11296?
True
Is 92202 a multiple of 65?
False
Is 863 a multiple of 9?
False
Does 5 divide 651?
False
Does 19 divide 4028?
True
Is 9312 a multiple of 16?
True
Does 231 divide 22407?
True
Is 28 a factor of 1786?
False
Is 23 a factor of 11914?
True
Does 31 divide 14136?
True
Is 68 a multiple of 3?
False
Is 7976 a multiple of 8?
True
Is 5 a factor of 16076?
False
Is 141491 a multiple of 17?
True
Does 30 divide 7736?
False
Is 8 a factor of 1880?
True
Does 7 divide 5378?
False
Is 19982 a multiple of 39?
False
Is 3618 a multiple of 27?
True
Does 144 divide 11855?
False
Is 12983 a multiple of 14?
False
Is 3952 a multiple of 208?
True
Is 128464 a multiple of 56?
True
Is 1553 a multiple of 7?
False
Is 2 a factor of 5904?
True
Is 750 a multiple of 10?
True
Is 261 a multiple of 6?
False
Is 76 a factor of 898?
False
Does 6 divide 293?
False
Is 5754 a multiple of 15?
False
Does 21 divide 14553?
True
Does 7 divide 12?
False
Does 8 divide 16?
True
Is 97 a factor of 794?
False
Does 13 divide 124?
False
Is 17 a factor of 618?
False
Is 495 a multiple of 29?
False
Is 2746 a multiple of 74?
False
Is 541 a multiple of 7?
False
Is 3 a factor of 139?
False
Is 550 a multiple of 10?
True
Is 208 a multiple of 4?
True
Is 2491 a multiple of 2?
False
Is 47 a factor of 188?
True
Is 16 a factor of 9304?
False
Is 328 a multiple of 8?
True
Is 22 a factor of 811?
False
Is 60 a factor of 2940?
True
Is 19 a factor of 304?
True
Is 5101 a multiple of 22?
False
Is 3677 a multiple of 11?
False
Is 108 a factor of 18468?
True
Is 132 a multiple of 6?
True
Is 80899 a multiple of 13?
True
Is 167 a multiple of 26?
False
Does 18 divide 1240?
False
Does 30 divide 4008?
False
Is 580 a multiple of 19?
False
Is 9560 a multiple of 133?
False
Is 33880 a multiple of 56?
True
Is 5681 a multiple of 19?
True
Does 44 divide 17717?
False
Is 14 a factor of 336?
True
Is 3 a factor of 11164?
False
Is 19 a factor of 190?
True
Is 1386 a multiple of 5?
False
Is 1620 a multiple of 45?
True
Is 700 a multiple of 35?
True
Is 10 a factor of 91?
False
Is 3 a multiple of 2?
False
Is 11 a factor of 594?
True
Is 122 a factor of 39341?
False
Is 5 a factor of 90?
True
Is 90585 a multiple of 9?
True
Is 14 a factor of 22?
False
Is 14176 a multiple of 42?
False
Is 3 a factor of 95?
False
Is 2144 a multiple of 32?
True
Is 2697 a multiple of 15?
False
Does 22 divide 85074?
True
Does 47 divide 1346?
False
Is 231 a factor of 26565?
True
Is 45 a factor of 900?
True
Is 6 a factor of 866?
False
Does 10 divide 492?
False
Is 461 a multiple of 9?
False
Does 170 divide 10540?
True
Is 58 a factor of 335?
False
Is 18 a factor of 1548?
True
Is 12 a factor of 533?
False
Does 3 divide 372?
True
Is 11 a factor of 52019?
True
Is 204 a factor of 32777?
False
Does 39 divide 1287?
True
Is 205 a multiple of 22?
False
Does 16 divide 672?
True
Is 23692 a multiple of 5?
False
Is 736 a multiple of 23?
True
Is 12 a factor of 228?
True
Is 23 a factor of 2507?
True
Is 8050 a multiple of 10?
True
Does 58 divide 290?
True
Does 13 divide 546?
True
Is 12 a factor of 1704?
True
Is 5184 a multiple of 54?
True
Does 24 divide 135?
False
Does 68 divide 24818?
False
Does 24 divide 7680?
True
Is 21 a factor of 147?
True
Is 13 a factor of 195?
True
Is 32 a factor of 25312?
True
Does 24 divide 250?
False
Is 3905 a multiple of 43?
False
Is 2320 a multiple of 20?
True
Does 14 divide 5625?
False
Does 8 divide 592?
True
Does 48 divide 2321?
False
Does 28 divide 24500?
True
Does 40 divide 446?
False
Does 44 divide 1320?
True
Is 5044 a multiple of 52?
True
Is 6566 a multiple of 67?
True
Is 160 a multiple of 12?
False
Does 137 divide 36990?
True
Is 5 a factor of 381?
False
Does 10 divide 452?
False
Is 24102 a multiple of 309?
True
Does 21 divide 1030?
False
Is 1470 a multiple of 7?
True
Is 52 a factor of 14257?
False
Is 25 a factor of 325?
True
Does 14 divide 1622?
False
Is 10654 a multiple of 135?
False
Is 17 a factor of 3053?
False
Is 75 a factor of 3975?
True
Is 22034 a multiple of 17?
False
Is 17 a factor of 57398?
False
Does 9 divide 2043?
True
Does 52 divide 17634?
False
Is 34060 a multiple of 131?
True
Is 4 a factor of 152?
True
Is 279 a multiple of 31?
True
Does 12 divide 5030?
False
Is 16 a factor of 1984?
True
Is 1775 a multiple of 25?
True
Is 25 a factor of 392?
False
Is 23 a factor of 2287?
False
Does 34 divide 1116?
False
Does 40 divide 19120?
True
Does 44 divide 2629?
False
Is 7 a factor of 1134?
True
Is 116 a factor of 1784?
False
Is 2548 a multiple of 22?
False
Is 4040 a multiple of 40?
True
Does 24 divide 405